{"id":3,"date":"2023-01-25T12:32:10","date_gmt":"2023-01-25T12:32:10","guid":{"rendered":"https:\/\/www.eurequia.com\/?page_id=3"},"modified":"2024-03-25T15:51:27","modified_gmt":"2024-03-25T15:51:27","slug":"privacy-policy","status":"publish","type":"page","link":"https:\/\/www.eurequia.com\/index.php\/privacy-policy\/","title":{"rendered":"Pol\u00edtica de privacidad"},"content":{"rendered":"\n<p><strong>POL\u00cdTICA DE PRIVACIDAD<\/strong><\/p>\n\n\n\n<p>De conformidad con lo dispuesto en el Reglamento General (UE) Sobre Protecci\u00f3n de Datos, mediante la aceptaci\u00f3n de la presente Pol\u00edtica de Privacidad prestas tu consentimiento informado, expreso, libre e inequ\u00edvoco para que los datos personales que proporciones a trav\u00e9s de la p\u00e1gina web https:\/\/eurequia.com (en adelante SITIO WEB) sean incluidos en un fichero de \u201cUSUARIOS WEB Y SUSCRIPTORES\u201d as\u00ed como \u201cCLIENTES Y\/O PROVEEDORES\u201d:<\/p>\n\n\n\n<p>Denominaci\u00f3n social es: Cuello de Jirafa S.L<br>CIF: B86577723<br>Domicilio social: Calle Ciudad Real n\u00ba 8<br>Email: hola@eurequia.com<\/p>\n\n\n\n<p>Actividad social: Servicios de formaci\u00f3n, publicidad, consultor\u00eda y organizaci\u00f3n de eventos.<\/p>\n\n\n\n<p>La presente Pol\u00edtica de Privacidad ser\u00e1 v\u00e1lida \u00fanicamente para los datos de car\u00e1cter personal obtenidos en el Sitio Web, no siendo aplicable para aquella informaci\u00f3n recabada por terceros en otras p\u00e1ginas web, incluso si \u00e9stas se encuentran enlazadas por el Sitio Web.<\/p>\n\n\n\n<p>Cuello de Jirafa S.L manifiesta su compromiso por mantener y garantizar las relaciones comerciales de forma segura mediante la protecci\u00f3n de los datos personales y garantizando el derecho a la privacidad de cada uno de los usuarios de nuestro sitio web.<\/p>\n\n\n\n<p><strong>1. \u00bfQU\u00c9 SON LOS DATOS PERSONALES?<\/strong><\/p>\n\n\n\n<p>Los datos personales son cualquier informaci\u00f3n relativa a una persona que nos facilita cuando visita nuestro sitio web, en nuestro caso nombre, apellidos en algunos casos e email. Adicionalmente, cuando visitas nuestro sitio web, determinada informaci\u00f3n se almacena autom\u00e1ticamente por motivos t\u00e9cnicos como la direcci\u00f3n IP asignada por su proveedor de acceso a Internet.<\/p>\n\n\n\n<p><strong>2. FINALIDAD, LEGITIMACI\u00d3N, CATEGOR\u00cdA DE LOS DATOS RECABADOS, CONSENTIMIENTO AL TRATAMIENTO, MENORES DE EDAD.<\/strong><\/p>\n\n\n\n<p><strong>2.1 FINALIDAD<\/strong><\/p>\n\n\n\n<p>Tal y como se recoge en la normativa, se informa al USUARIO que, a trav\u00e9s de los formularios de contacto,&nbsp; suscripciones o cuando el USUARIO contacta libremente con nosotros a trav\u00e9s de tel\u00e9fono, wassap o mail, se recaban datos, los cuales se almacenan en un fichero, con la exclusiva finalidad de env\u00edo de comunicaciones electr\u00f3nicas o a trav\u00e9s del tel\u00e9fono, tales como: boletines (newsletters), nuevas entradas (posts), o wassaps, as\u00ed como otras comunicaciones que Cuello de Jirafa S.L entiende interesantes para sus USUARIOS, o que dan respuesta a sus propias preguntas. Los campos marcados como de cumplimentaci\u00f3n obligatoria, son imprescindibles para realizar la finalidad expresada.<\/p>\n\n\n\n<p>Asimismo podr\u00e1 dar cumplimiento mediante los datos, a los requerimientos solicitados por los USUARIOS.<\/p>\n\n\n\n<p>En definitiva la FINALIDAD es la siguiente:<\/p>\n\n\n\n<p><strong>eurequia.com <\/strong>proporciona contenido informativo para los usuarios del sitio web. Con el prop\u00f3sito de dar respuesta a su b\u00fasqueda de informaci\u00f3n sobre todo en relaci\u00f3n con el mundo la innovaci\u00f3n, el emprendimiento y la creatividad. Del mismo modo, proporciona informaci\u00f3n sobre los cursos o servicios que ofrece para usuarios y\/o empresas. Y dirige su red de afiliados y comerciantes as\u00ed como la gesti\u00f3n de pagos de los mismos.<\/p>\n\n\n\n<p>La aceptaci\u00f3n de la pol\u00edtica de privacidad, se entender\u00e1 a todos los efectos como la prestaci\u00f3n de CONSENTIMIENTO EXPRESO E INEQUIVOCO del USUARIO al tratamiento de los datos de car\u00e1cter personal en los t\u00e9rminos que se exponen en el presente documento, as\u00ed como a la transferencia internacional de datos que se produce, exclusivamente debido a la ubicaci\u00f3n f\u00edsica de las instalaciones de los proveedores de servicios y encargados del tratamiento de datos.<\/p>\n\n\n\n<p>En ning\u00fan caso se realizar\u00e1 un uso diferente que la finalidad para los que han sido recabados los datos ni muchos menos se ceder\u00e1n a terceros.<\/p>\n\n\n\n<p><strong>2.2 MENORES DE EDAD<\/strong><\/p>\n\n\n\n<p>En el supuesto de ser mayor de trece a\u00f1os, podr\u00e1s registrarte en http:\/\/designthinkingespa\u00f1a.com en caso de habilitarse un formulario de inscripci\u00f3n sin necesidad del consentimiento previo de tus padres o tutores.<\/p>\n\n\n\n<p>\u00bfQu\u00e9 ocurre en el caso de que seas menor de 14 a\u00f1os?<\/p>\n\n\n\n<p>En este supuesto, ser\u00e1 condici\u00f3n obligatoria el consentimiento de tus padres o tutores para que podamos tratar sus datos personales<\/p>\n\n\n\n<p>Advertencia: Si tienes menos de catorce a\u00f1os y no has obtenido el consentimiento de tus padres, no puedes registrarte en la web por lo que procederemos a denegar su solicitud en caso de tener constancia de ello.<\/p>\n\n\n\n<p><strong>2.3 LEGITIMACI\u00d3N<\/strong><\/p>\n\n\n\n<p>Gracias al consentimiento, podemos tratar tus datos siendo requisito obligatorio para poder suscribirte a la p\u00e1gina web. Como bien sabes, puedes retirar tu consentimiento en el momento que lo desees.<\/p>\n\n\n\n<p><strong>2.4 CATEGOR\u00cdA DE LOS DATOS<\/strong><\/p>\n\n\n\n<p>Los datos recabados en ning\u00fan momento son especialmente protegidos, sino que se encuentran categorizados como datos identificativos.<\/p>\n\n\n\n<p><strong>2.5 TIEMPO DE CONSERVACI\u00d3N DE LOS DATOS<\/strong><\/p>\n\n\n\n<p>Los datos ser\u00e1n conservados durante el tiempo legalmente establecido o hasta que solicites eliminarlos.<\/p>\n\n\n\n<p><strong>2.6 EXACTITUD Y VERACIDAD DE LOS DATOS<\/strong><\/p>\n\n\n\n<p>El usuario es el \u00fanico responsable de la veracidad y exactitud de los datos que me remitas eximiendo a Cuello de Jirafa S.L de&nbsp; cualquier tipo de responsabilidad al respecto.<\/p>\n\n\n\n<p>Como usuario, debes garantizar la exactitud y autenticidad de los datos personales facilitados debiendo aportar la informaci\u00f3n completa y correcta en los distintos formularios de captaci\u00f3n de datos.<\/p>\n\n\n\n<p><strong>3. CUMPLIMIENTO DE LA NORMATIVA DE APLICACI\u00d3N.<\/strong><\/p>\n\n\n\n<p>Cuello de Jirafa S.L hasta la fecha cumple con las directrices de la Ley Org\u00e1nica 15\/1999 de 13 de diciembre de Protecci\u00f3n de Datos de Car\u00e1cter Personal, el Real Decreto 1720\/2007 de 21 de diciembre por el que se aprueba el Reglamento de desarrollo de dicha Ley Org\u00e1nica y dem\u00e1s normativa vigente y de aplicaci\u00f3n en cada momento, velando por garantizar un correcto uso y tratamiento de los datos personales del usuario.<\/p>\n\n\n\n<p>A partir deL 25 de mayo de 2018, se regir\u00e1 por la normativa que entrar\u00e1 en aplicaci\u00f3n, siendo el Reglamento General sobre Protecci\u00f3n de Datos (RGPD) de la Uni\u00f3n Europea.<\/p>\n\n\n\n<p>Asimismo, Cuello de Jirafa S.L informa que da cumplimiento a la Ley 34\/2002 de 11 de julio, de Servicios de la Sociedad de la Informaci\u00f3n y el Comercio Electr\u00f3nico y le solicitar\u00e1 su consentimiento al USUARIO para el tratamiento de su correo electr\u00f3nico con fines comerciales en cada momento.<\/p>\n\n\n\n<p>En cumplimiento de lo establecido en la normativa, le informamos que los datos suministrados, as\u00ed como aquellos datos derivados de su navegaci\u00f3n, podr\u00e1n ser almacenados en los ficheros de Cuello de Jirafa S.L y tratados para la finalidad de atender su solicitud y el mantenimiento de la relaci\u00f3n que se establezca en los formularios que suscriba.<\/p>\n\n\n\n<p>Adicionalmente, el USUARIO consiente el tratamiento de sus datos con la finalidad de informarles, por cualquier medio, incluido el correo electr\u00f3nico, de productos y servicios de Cuello de Jirafa S.L<\/p>\n\n\n\n<p>En caso de no autorizar el tratamiento de sus datos con la finalidad se\u00f1alada anteriormente, el USUARIO podr\u00e1 ejercer su derecho de oposici\u00f3n al tratamiento de sus datos en los t\u00e9rminos y condiciones previstos m\u00e1s adelante en el apartado \u201cEjercicio de Derechos\u201d<\/p>\n\n\n\n<p><strong>4. MEDIDAS DE SEGURIDAD.<\/strong><\/p>\n\n\n\n<p>Cuello de Jirafa S.L informa que tiene implantadas las medidas de seguridad de \u00edndole t\u00e9cnica y organizativas necesarias para garantizar la seguridad de sus datos de car\u00e1cter personal y evitar su alteraci\u00f3n, p\u00e9rdida y tratamiento y\/o acceso no autorizado, habida cuenta del estado de la tecnolog\u00eda, la naturaleza de los datos almacenados y los riesgos a que est\u00e1n expuestos, ya provengan de la acci\u00f3n humana o del medio f\u00edsico o natural. Todo ello de conformidad con lo previsto en el RGPD.<\/p>\n\n\n\n<p>Asimismo, Cuello de Jirafa S.L ha establecido medidas adicionales en orden a reforzar la confidencialidad e integridad de la informaci\u00f3n en su organizaci\u00f3n. Manteniendo continuamente la supervisi\u00f3n, control y evaluaci\u00f3n de los procesos para asegurar el respeto a la privacidad de los datos.<\/p>\n\n\n\n<p><strong>5. EJERCICIO DE DERECHOS<\/strong><\/p>\n\n\n\n<p>Aquellas personas f\u00edsicas que hayan facilitado sus datos a trav\u00e9s de http:\/\/eurequia.com, podr\u00e1n dirigirse al titular de la misma con el fin de poder ejercitar gratuitamente sus derechos de acceso a sus datos, rectificaci\u00f3n o supresi\u00f3n, limitaci\u00f3n y oposici\u00f3n respecto de los datos incorporados en sus ficheros.<\/p>\n\n\n\n<p>El m\u00e9todo m\u00e1s r\u00e1pido y sencillo es accediendo en la cuenta de usuario directamente y modificar los datos o borrar la cuenta. Cualquier informaci\u00f3n que sea necesario almacenar, en virtud de una obligaci\u00f3n legal o contractual, ser\u00e1 bloqueada y s\u00f3lo utilizada para dichos fines en lugar de ser borrada.<\/p>\n\n\n\n<p>El interesado podr\u00e1 ejercitar sus derechos mediante comunicaci\u00f3n por escrito dirigida a Cuello de Jirafa S.L con la referencia \u201cProtecci\u00f3n de datos\u201d, especificando sus datos, acreditando su identidad y los motivos de su solicitud en la siguiente direcci\u00f3n:<\/p>\n\n\n\n<p>Cuello de Jirafa S.L<br>Calle Ciudad Real n\u00ba 8<br>28045, Madrid<\/p>\n\n\n\n<p>Tambi\u00e9n podr\u00e1 ejercitar los derechos, a trav\u00e9s del correo electr\u00f3nico: hola@eurequia.com<\/p>\n\n\n\n<p><strong>6. LINKS O ENLACES EXTERNOS<\/strong><\/p>\n\n\n\n<p>Como un servicio a nuestros visitantes, nuestro sitio web puede incluir hiperv\u00ednculos a otros sitios que no son operados o controlados por el Sitio Web. Por ello http:\/\/eurequia.com no garantiza, ni se hace responsable de la licitud, fiabilidad, utilidad, veracidad y actualidad de los contenidos de tales sitios web o de sus pr\u00e1cticas de privacidad. Por favor, antes de proporcionar su informaci\u00f3n personal a estos sitios web ajenos a https:\/\/eurequia.com, tenga en cuenta que sus pr\u00e1cticas de privacidad pueden diferir de las nuestras.<\/p>\n\n\n\n<p>El \u00fanico objeto de los enlaces es proporcionar al Usuario la posibilidad de acceder a dichos enlaces y conocer nuestro trabajo, aunque Cuello de Jirafa S.L no ofrece necesariamente ni comercializa por s\u00ed ni por medio de terceros la informaci\u00f3n, contenidos y servicios disponibles en los sitios enlazados, ni necesariamente aprueba, supervisa o controla en modo alguno los contenidos y servicios y cualquier material de cualquier naturaleza existente en los mismos. http:\/\/eurequia.com no se responsabiliza en ning\u00fan caso de los resultados que puedan derivarse al Usuario por acceso a dichos enlaces, a menos que se trate de una p\u00e1gina propiedad de Cuello de Jirafa S.L.<\/p>\n\n\n\n<p><strong>7. MODIFICACI\u00d3N DE LA POL\u00cdTICA DE PRIVACIDAD<\/strong><\/p>\n\n\n\n<p>Cuello de Jirafa S.L se reserva el derecho a modificar su Pol\u00edtica de Privacidad, de acuerdo a su propio criterio, motivado por un cambio legislativo, jurisprudencial o doctrinal de la Agencia Espa\u00f1ola de Protecci\u00f3n de Datos.<\/p>\n\n\n\n<p>Cualquier modificaci\u00f3n de la Pol\u00edtica de Privacidad ser\u00e1 publicada al menos diez d\u00edas antes de su efectiva aplicaci\u00f3n. El uso de eurequia.com despu\u00e9s de dichos cambios, implicar\u00e1 la aceptaci\u00f3n de los mismos.<\/p>\n\n\n\n<p><strong>8. RESPONSABLE DEL FICHERO, Y ENCARGADOS DEL TRATAMIENTO.<\/strong><\/p>\n\n\n\n<p>El responsable del fichero de datos es Cuello de Jirafa S.L<\/p>\n\n\n\n<p>Como encargados de tratamiento ajenos al citado responsable:<\/p>\n\n\n\n<p>Cuello de Jirafa S.L ha contratado los servicios de Raiola S.L. con Domicilio Social&nbsp;AVENIDA DE MAGOI (SS D), 66, LUGO, y con CIFB27453489&nbsp;e inscrita en el Registro Mercantil de Madrid, TOMO 24.232 FOLIO 77 SECCION 8 HOJA M-435500 INSCRIPCION 5 El domicilio social est\u00e1 en Avenida de la vega, 1 \u2013 ED VEGANOVA \u2013 ED 3 PISO 5 PTA C, Alcobendas, 28108, Madrid.<\/p>\n\n\n\n<p><\/p>\n\n\n\n<p><strong>9. SERVICIOS OFRECIDOS POR TERCEROS EN ESTA WEB.<\/strong><\/p>\n\n\n\n<p>Para prestar servicios estrictamente necesarios para el desarrollo de su actividad, http:\/\/eurequia.com utiliza los siguientes prestadores bajo sus correspondientes condiciones de privacidad.<\/p>\n\n\n\n<p>Hosting: Raiola Networks S.L<br>Plataforma web: WordPress.Org<br>Privacidad de fuentes de rastreo utilizadas en este sitio: Google (Analytics)<\/p>\n\n\n\n<p>Tambi\u00e9n puede enviar correos desde una cuenta de Gmail, utilizando por tanto para el almacenamiento de datos el hosting de dicho proveedor.<\/p>\n\n\n\n<p>En https:\/\/eurequia.coom tambi\u00e9n se pueden estudiar las preferencias de sus usuarios, sus caracter\u00edsticas demogr\u00e1ficas, sus patrones de tr\u00e1fico, y otra informaci\u00f3n en conjunto para comprender mejor qui\u00e9nes constituyen nuestra audiencia y qu\u00e9 es lo que necesita. El rastreo de las preferencias de nuestros usuarios tambi\u00e9n nos ayuda a mostrarle los avisos publicitarios m\u00e1s relevantes.<\/p>\n\n\n\n<p>El usuario y, en general, cualquier persona f\u00edsica o jur\u00eddica, podr\u00e1 establecer un hiperenlace o dispositivo t\u00e9cnico de enlace (por ejemplo, links o botones) desde su sitio web a https:\/\/eurequia.com (el \u201cHiperenlace\u201c). El establecimiento del Hiperenlace no implica necesariamente la existencia de relaciones entre https:\/\/eurequia.com y el propietario del sitio o de la p\u00e1gina web en la que se establezca el Hiperenlace, ni la aceptaci\u00f3n o aprobaci\u00f3n necesariamente por parte de https:\/\/eurequia.com de sus contenidos o servicios. En todo caso, https:\/\/eurequia.com se reserva el derecho de prohibir o inutilizar en cualquier momento cualquier Hiperenlace al Sitio Web.<\/p>\n\n\n\n<p><strong>10. \u00bf NO DESESAS RECIBIR INFORMACI\u00d3N DE EUREQUIA.COM O DESEAS REVOCAR TU CONSENTIMIENTO?<\/strong><\/p>\n\n\n\n<p>De conformidad con lo dispuesto en la Ley 34\/20023, de 11 de junio de Servicios de la Sociedad de la Informaci\u00f3n y del Comercio Electr\u00f3nico puedes oponerte al uso de su informaci\u00f3n para fines publicitarios, investigaciones de mercado o desarrollo de encuestas de satisfacci\u00f3n en cualquier momento, as\u00ed como revocar tu consentimiento en cualquier momento (sin efecto retroactivo).<\/p>\n\n\n\n<p>Para ello, deber\u00e1s enviar un correo electr\u00f3nico a la direcci\u00f3n hola@eurequia.com. Si has recibido publicidad por correo electr\u00f3nico, tambi\u00e9n podr\u00e1s oponerte desde dicho correo electr\u00f3nico, pinchando en el enlace incluido en el mismo siguiendo las instrucciones que te sean facilitadas. Otra forma m\u00e1s sencilla ser\u00eda acceder a tu cuenta de usuario y seleccionar las opciones correspondientes.<\/p>\n\n\n\n<p>Por favor, ten en cuenta que nuestros sistemas pueden requerir un lapso de tiempo que en ning\u00fan caso para que tu oposici\u00f3n o revocaci\u00f3n se hagan efectivas, entendi\u00e9ndose que durante dicho periodo de tiempo puedes seguir recibiendo mensajes.<\/p>\n\n\n\n<p>En relaci\u00f3n con la gesti\u00f3n de tus datos asociados a los perfiles sociales de eurequia.com , el ejercicio del derecho de acceso, depender\u00e1 de la funcionalidad de la red social y las posibilidades de acceso a la informaci\u00f3n de los perfiles de los usuarios. Con relaci\u00f3n a los derechos de acceso y rectificaci\u00f3n, indicamos que solo podr\u00e1 satisfacerse en relaci\u00f3n a aquella informaci\u00f3n que se encuentre bajo el control de Cuello de Jirafa S.L<\/p>\n\n\n\n<p>Adem\u00e1s podr\u00e1 dejar de interactuar, seguir o recibir informaci\u00f3n de los perfiles sociales de https:\/\/eurequia.com, eliminar los contenidos que dejen de interesarte o restringir con quien comparte sus conexiones, mediante los mecanismos estipulados en las diferentes redes sociales.<\/p>\n\n\n\n<p>El usuario podr\u00e1 acceder a las pol\u00edticas de privacidad de cada Red Social, as\u00ed como configurar su perfil para garantizar su privacidad. Cuello de Jirafa S.L. anima a los usuarios a familiarizarse con las condiciones de uso de las distintas redes sociales antes de comenzar a usarlas.<\/p>\n\n\n\n<p>Facebook: https:\/\/www.facebook.com\/help\/323540651073243\/<br>Youtube: http:\/\/www.google.es\/intl\/es\/policies\/privacy\/<br>Twitter: https:\/\/twitter.com\/privacy<\/p>\n\n\n\n<p><strong>11. SISTEMAS DE CAPTURA DE DATOS PERSONALES Y SU FINALIDAD<\/strong><\/p>\n\n\n\n<p>1) Formularios de suscripci\u00f3n a contenidos: dentro de la web existen formularios desde lo que recabar informaci\u00f3n del usuario para mandar correos electr\u00f3nicos con contenido relacionado con la tem\u00e1tica del libro E\u00fcrequia, la ciudad de las ideas, u ofertas de otros productos o formaci\u00f3n.<\/p>\n\n\n\n<p>2) Formulario de contacto: La web incluye un formulario de contacto cuya finalidad es la respuesta de consultas, sugerencias o contacto profesional. En este caso se utilizar\u00e1 la direcci\u00f3n de correo electr\u00f3nico para responder a las mismas y enviar la informaci\u00f3n que el usuario requiera a trav\u00e9s de la web, estos datos se almacenar\u00e1n en los servidores de Raiola Networks.<\/p>\n\n\n\n<p>3) Cookies: Cuando el usuario se registra o navega en esta web, se almacenan \u201ccookies\u201d, El usuario puede consultar en cualquier momento la pol\u00edtica de cookies para ampliar informaci\u00f3n sobre el uso de cookies y como desactivarlas.<\/p>\n\n\n\n<p>4) Los usuarios podr\u00e1n darse de baja en cualquier momento de los servicios prestados por https:\/\/eurequia.com a trav\u00e9s de su servicio de Newsletter, a trav\u00e9s del formulario de cancelaci\u00f3n que proporciona.<\/p>\n\n\n\n<p>6) Sistemas de rastreo utilizadas en este sitio: Google (Analytics y Tag Manager), en https:\/\/eurequia.com tambi\u00e9n se estudian las preferencias de sus usuarios, sus caracter\u00edsticas demogr\u00e1ficas, sus patrones de tr\u00e1fico, y otra informaci\u00f3n en conjunto para comprender mejor qui\u00e9nes constituyen su audiencia y qu\u00e9 es lo que puede resultarle de mayor inter\u00e9s. Puedes conocer la pol\u00edtica de privacidad general de los servicios de Google\u00a0<a href=\"https:\/\/policies.google.com\/privacy?hl=es\">aqu\u00ed.<\/a>\u00a0Adicionalmente, puedes conocer c\u00f3mo utiliza Google la informaci\u00f3n de sitios web o aplicaciones que utilizan sus servicios\u00a0<a href=\"https:\/\/policies.google.com\/technologies\/partner-sites?hl=es\">aqu\u00ed.<\/a><\/p>\n\n\n\n<p>El rastreo de las preferencias de nuestros usuarios tambi\u00e9n nos ayuda a mostrarte los avisos publicitarios m\u00e1s relevantes, por medio del uso del producto de Google, Google Adwords. De acuerdo a la pol\u00edtica de privacidad de Google, no recolectan datos personales. Sin embargo, si no quieres que se utilicemos la herramientas de \u201cremarketing\u201d de Google, puedes desactivar esta opci\u00f3n modificando las configuraciones adecuadas aqu\u00ed:&nbsp;https:\/\/adssettings.google.com\/<\/p>\n\n\n\n<p>M\u00e1s informaci\u00f3n de como utiliza Google las cookies en publicidad:&nbsp;https:\/\/policies.google.com\/technologies\/ads?hl=es<\/p>\n\n\n\n<p>Asimismo, se informar\u00e1 de que para la captaci\u00f3n de suscriptores y clientes puede utilizarse Facebook Ads por lo que al generar un anuncio, se puede segmentar el p\u00fablico por el lugar, datos demogr\u00e1ficos, intereses, etc por lo que los datos obtenidos por esta plataforma, estar\u00edan sujetos a esta pol\u00edtica de privacidad desde el momento en que el usuario acepta la pol\u00edtica de cookies y privacidad.<\/p>\n\n\n\n<p>Cuello de Jirafa S.L no vende ni alquila tu informaci\u00f3n personal con otras partes. Pero s\u00ed puede llegar a compartir cierta informaci\u00f3n con los proveedores de servicios de terceros autorizados necesarios para la prestaci\u00f3n de servicios.<\/p>\n\n\n\n<p><strong>12. PLUGINS SOCIALES.<\/strong><\/p>\n\n\n\n<p>eurequia.com incluye enlaces y servicios relacionados con las diferentes redes sociales ( p.ej \u201cMe gusta\u201d de Facebook). Si eres miembro de una red social y haces clic sobre el correspondiente enlace, el proveedor de la red social podr\u00e1 enlazar tus datos de perfil con la informaci\u00f3n e tu visita a dicha p\u00e1gina web.<\/p>\n\n\n\n<p>Por tanto, recomendamos informarse sobre las funciones y pol\u00edticas sobre el tratamiento de datos personales de la respectiva red social, en caso de acceder a una de nuestras p\u00e1ginas web con alguno de tus perfiles en redes sociales o compartes informaci\u00f3n a trav\u00e9s de ellos.<\/p>\n\n\n\n<p>El usuario puede acceder en todo momento a las pol\u00edticas de privacidad de las diferentes redes sociales, as\u00ed como configurar su perfil para garantizar su privacidad. Cuello de Jirafa S.L anima a sus usuarios a familiarizarse con las condiciones de uso de dichas redes sociales antes de comenzar a usarlas:<\/p>\n\n\n\n<p>Facebook: https:\/\/www.facebook.com\/help\/323540651073243\/<br>Youtube: http:\/\/www.google.es\/intl\/es\/policies\/privacy\/<br>Twitter: https:\/\/twitter.com\/privacy<\/p>\n\n\n\n<p><strong>13. ACEPTACI\u00d3N, CONSENTIMIENTO Y REVOCABILIDAD<\/strong><\/p>\n\n\n\n<p>El Usuario declara haber sido informado de las condiciones sobre protecci\u00f3n de datos de car\u00e1cter personal, aceptando y consintiendo el tratamiento de los mismos por parte de Cuello de Jirafa S.L en la forma y para las finalidades indicadas en el aviso legal.<\/p>\n\n\n\n<p>Tal y como se ha comunidado&nbsp; a lo largo de las presentes pol\u00edticas de privacidad, en cualquier momento el usuario podr\u00e1 revocar sus datos, pero siempre sin car\u00e1cter retroactivo.<\/p>\n\n\n\n<p><strong>14. CAMBIOS EN LA PRESENTE POL\u00cdTICA DE PRIVACIDAD<\/strong><\/p>\n\n\n\n<p>Cuello de Jirafa S.L se reserva el derecho a modificar la presente pol\u00edtica para adaptarla a novedades legislativas o jurisprudenciales as\u00ed como a pr\u00e1cticas de la industria. En dichos supuestos, el Prestador anunciar\u00e1 en esta p\u00e1gina los cambios introducidos con razonable antelaci\u00f3n a su puesta en pr\u00e1ctica.<\/p>\n","protected":false},"excerpt":{"rendered":"<p>POL\u00cdTICA DE PRIVACIDAD De conformidad con lo dispuesto en el Reglamento General (UE) Sobre Protecci\u00f3n de Datos, mediante la aceptaci\u00f3n de la presente Pol\u00edtica de Privacidad prestas tu consentimiento informado, expreso, libre e inequ\u00edvoco para que los datos personales que proporciones a trav\u00e9s de la &hellip; <\/p>\n","protected":false},"author":1,"featured_media":0,"parent":0,"menu_order":0,"comment_status":"closed","ping_status":"open","template":"","meta":{"om_disable_all_campaigns":false,"_monsterinsights_skip_tracking":false,"_monsterinsights_sitenote_active":false,"_monsterinsights_sitenote_note":"","_monsterinsights_sitenote_category":0,"footnotes":""},"class_list":["post-3","page","type-page","status-publish","hentry"],"aioseo_notices":[],"_links":{"self":[{"href":"https:\/\/www.eurequia.com\/index.php\/wp-json\/wp\/v2\/pages\/3","targetHints":{"allow":["GET"]}}],"collection":[{"href":"https:\/\/www.eurequia.com\/index.php\/wp-json\/wp\/v2\/pages"}],"about":[{"href":"https:\/\/www.eurequia.com\/index.php\/wp-json\/wp\/v2\/types\/page"}],"author":[{"embeddable":true,"href":"https:\/\/www.eurequia.com\/index.php\/wp-json\/wp\/v2\/users\/1"}],"replies":[{"embeddable":true,"href":"https:\/\/www.eurequia.com\/index.php\/wp-json\/wp\/v2\/comments?post=3"}],"version-history":[{"count":1,"href":"https:\/\/www.eurequia.com\/index.php\/wp-json\/wp\/v2\/pages\/3\/revisions"}],"predecessor-version":[{"id":99,"href":"https:\/\/www.eurequia.com\/index.php\/wp-json\/wp\/v2\/pages\/3\/revisions\/99"}],"wp:attachment":[{"href":"https:\/\/www.eurequia.com\/index.php\/wp-json\/wp\/v2\/media?parent=3"}],"curies":[{"name":"wp","href":"https:\/\/api.w.org\/{rel}","templated":true}]}}